and 68?
17
What is the greatest common divisor of 4346 and 82?
82
Calculate the highest common factor of 15 and 205.
5
Calculate the highest common factor of 13 and 6851.
13
Calculate the highest common factor of 2776 and 8.
8
Calculate the greatest common divisor of 104 and 520.
104
What is the highest common factor of 4600 and 25?
25
What is the highest common factor of 472 and 59?
59
What is the highest common divisor of 50 and 5150?
50
Calculate the highest common divisor of 2941 and 51.
17
What is the highest common divisor of 55 and 17215?
55
What is the greatest common divisor of 32 and 992?
32
Calculate the highest common factor of 1300 and 80.
20
Calculate the highest common factor of 40 and 135.
5
What is the greatest common factor of 4324 and 23?
23
What is the highest common divisor of 10 and 50?
10
What is the greatest common factor of 26 and 403?
13
What is the greatest common factor of 10 and 170?
10
What is the highest common factor of 18804 and 24?
12
What is the greatest common factor of 7 and 511?
7
Calculate the highest common divisor of 38 and 18962.
38
Calculate the highest common factor of 240 and 6640.
80
Calculate the highest common factor of 23310 and 18.
18
Calculate the highest common factor of 33 and 27.
3
Calculate the greatest common factor of 21 and 336.
21
Calculate the greatest common divisor of 59 and 944.
59
What is the greatest common divisor of 297 and 27?
27
What is the greatest common divisor of 68 and 68?
68
Calculate the highest common factor of 624 and 390.
78
Calculate the highest common divisor of 240 and 1104.
48
Calculate the greatest common factor of 513 and 135.
27
Calculate the greatest common divisor of 39 and 195.
39
Calculate the highest common divisor of 76 and 2812.
76
Calculate the greatest common factor of 116 and 667.
29
What is the highest common factor of 5568 and 160?
32
What is the greatest common divisor of 42 and 18102?
42
Calculate the greatest common divisor of 145 and 87.
29
Calculate the greatest common factor of 162 and 18.
18
What is the greatest common factor of 473 and 88?
11
What is the greatest common factor of 108 and 180?
36
Calculate the greatest common factor of 196 and 72.
4
Calculate the highest common divisor of 49 and 784.
49
Calculate the greatest common factor of 10026 and 18.
18
What is the highest common divisor of 108 and 180?
36
What is the greatest common divisor of 171 and 2793?
57
What is the highest common factor of 2989 and 488?
61
Calculate the highest common factor of 820 and 40.
20
What is the highest common factor of 16 and 6224?
16
Calculate the highest common factor of 19 and 57.
19
Calculate the greatest common factor of 24692 and 4.
4
What is the highest common factor of 108 and 4476?
12
What is the highest common factor of 81 and 576?
9
Calculate the greatest common divisor of 2 and 4.
2
Calculate the greatest common divisor of 1350 and 525.
75
Calculate the greatest common factor of 192 and 18.
6
Calculate the greatest common divisor of 2705 and 5.
5
What is the greatest common factor of 328 and 246?
82
What is the highest common factor of 1 and 136?
1
What is the greatest common divisor of 3300 and 50?
50
Calculate the greatest common factor of 34 and 17.
17
Calculate the highest common divisor of 12 and 48.
12
What is the greatest common factor of 675 and 360?
45
What is the highest common divisor of 18167 and 37?
37
What is the greatest common divisor of 2610 and 90?
90
Calculate the highest common factor of 2225 and 7120.
445
What is the highest common factor of 565 and 20?
5
What is the greatest common factor of 322 and 14?
14
Calculate the highest common factor of 15408 and 432.
144
What is the highest common divisor of 1704 and 72?
24
What is the highest common factor of 69 and 2668?
23
Calculate the greatest common divisor of 372 and 93.
93
What is the greatest common divisor of 9 and 6561?
9
What is the highest common divisor of 6375 and 15?
15
What is the highest common factor of 4388 and 4?
4
What is the highest common divisor of 16 and 15376?
16
Calculate the highest common factor of 355 and 284.
71
What is the greatest common divisor of 924 and 84?
84
Calculate the highest common factor of 3573 and 9.
9
Calculate the greatest common divisor of 152 and 190.
38
Calculate the greatest common divisor of 880 and 720.
80
Calculate the greatest common factor of 486 and 4482.
54
What is the highest common divisor of 141 and 15933?
141
What is the highest common factor of 76 and 133?
19
Calculate the highest common factor of 53 and 11872.
53
Calculate the highest common divisor of 59 and 236.
59
What is the greatest common divisor of 24 and 13764?
12
Calculate the greatest common factor of 9 and 16911.
9
Calculate the highest common factor of 77 and 2387.
77
Calculate the greatest common divisor of 31 and 137.
1
What is the greatest common divisor of 68 and 289?
17
Calculate the greatest common factor of 4816 and 16.
16
What is the greatest common factor of 184 and 2599?
23
Calculate the highest common divisor of 10 and 165.
5
Calculate the highest common divisor of 3 and 129.
3
Calculate the greatest common factor of 39 and 143.
13
Calculate the highest common factor of 7 and 371.
7
What is the highest common divisor of 835 and 668?
167
Calculate the greatest common divisor of 6610 and 10.
10
What is the greatest common divisor of 2421 and 18?
9
What is the highest common factor of 9595 and 7070?
505
What is the greatest common divisor of 35 and 5012?
7
Calculate the greatest common divisor of 2152 and 8.
8
What is the highest common factor of 1794 and 78?
78
What is the greatest common factor of 62 and 2?
2
What is the highest common divisor of 72 and 264?
24
What is the greatest common divisor of 1763 and 860?
43
What is the highest common divisor of 90 and 50?
10
What is the greatest common divisor of 385 and 77?
77
What is the highest common factor of 53 and 4399?
53
What is the greatest common factor of 268 and 67?
67
Calculate the greatest common factor of 25246 and 26.
26
Calculate the greatest common factor of 1656 and 72.
72
Calculate the greatest common factor of 516 and 4.
4
Calculate the highest common divisor of 22464 and 260.
52
What is the highest common divisor of 832 and 9672?
104
Calculate the greatest common divisor of 35 and 217.
7
Calculate the greatest common factor of 40 and 3560.
40
What is the highest common factor of 462 and 539?
77
What is the highest common factor of 1387 and 292?
73
What is the greatest common divisor of 93 and 217?
31
What is the highest common divisor of 54 and 1926?
18
Calculate the greatest common divisor of 391 and 667.
23
Calculate the greatest common factor of 15 and 65.
5
Calculate the greatest common divisor of 6 and 636.
6
What is the highest common factor of 990 and 105?
15
What is the highest common factor of 5 and 715?
5
Calculate the highest common factor of 144 and 13428.
36
What is the highest common divisor of 14 and 16?
2
What is the highest common factor of 182 and 18382?
182
Calculate the greatest common factor of 918 and 18.
18
What is the greatest common divisor of 3043 and 17?
17
What is the greatest common divisor of 672 and 384?
96
What is the greatest common factor of 7 and 623?
7
Calculate the highest common divisor of 852 and 5041.
71
What is the greatest common divisor of 6656 and 52?
52
What is the greatest common divisor of 12 and 45?
3
What is the greatest common factor of 64 and 14?
2
What is the greatest common divisor of 20 and 37?
1
Calculate the greatest common divisor of 650 and 80.
10
Calculate the greatest common factor of 39 and 3159.
39
What is the greatest common divisor of 217 and 93?
31
What is the highest common factor of 6952 and 237?
79
Calculate the greatest common factor of 43 and 1376.
43
Calculate the greatest common factor of 30 and 1995.
15
Calculate the greatest common factor of 216 and 180.
36
Calculate the highest common factor of 140 and 1484.
28
What is the highest common factor of 43 and 731?
43
What is the highest common divisor of 22589 and 49?
49
Calculate the highest common divisor of 944 and 48.
16
What is the highest common divisor of 176 and 688?
16
Calculate the greatest common divisor of 1242 and 90.
18
Calculate the hi